 Calculate t(13).
-20
Let x(m) = -707*m + 4827. Give x(7).
-122
Let j(w) = -4022*w - 88454. What is j(-22)?
30
Let k(f) = -200*f + 4782. Determine k(19).
982
Let i(s) = -4*s**3 - 10*s**2 + 281*s - 7. Calculate i(7).
98
Let u(p) = -3*p**2 - 109*p - 330. What is u(-33)?
0
Let j(x) = -3*x**2 + 399*x - 9955. What is j(33)?
-55
Let q(h) = -50350*h + 101136. Calculate q(2).
436
Let p(j) = -1076*j**2 + 23650*j + 473. Give p(22).
-11
Let t(u) = u**3 - 10*u**2 + 4613*u - 32214. Determine t(7).
-70
Let v(q) = 15*q**3 - 147*q**2 - 435*q + 467. Calculate v(12).
-1
Let y(h) = 2*h**3 - 33*h**2 + 20*h + 1. Give y(10).
-1099
Let l(w) = 1672*w - 10095. Give l(6).
-63
Let n(y) = -18782*y - 37604. What is n(-2)?
-40
Let d(n) = -305*n + 38347. Give d(126).
-83
Let m(n) = 2507*n + 120924. Give m(-49).
-1919
Let b(k) = -2*k**3 - 6*k**2 - 22*k - 341. Determine b(-7).
205
Let m(y) = 2061*y + 59747. Determine m(-29).
-22
Let z(c) = c**2 - 1544*c - 63417. Give z(-40).
-57
Let u(f) = 729*f - 1702. Determine u(2).
-244
Let y(v) = v**2 + 3355*v - 1240173. Give y(336).
3
Let o(f) = -1164*f - 8226. Calculate o(-9).
2250
Let f(a) = 592*a + 24941. Determine f(-45).
-1699
Let b(z) = 4*z**3 - 44*z**2 - 811*z + 8201. Calculate b(10).
-309
Let n(l) = -17517*l - 420361. Calculate n(-24).
47
Let b(c) = -291*c**2 - 5079*c - 2251. Give b(-17).
-7
Let g(m) = m**2 - 610*m - 136203. Calculate g(-174).
213
Let o(t) = -1487*t + 38837. Calculate o(26).
175
Let w(h) = 1962*h - 1332192. Give w(679).
6
Let l(f) = -f**3 + 810*f - 1617. What is l(2)?
-5
Let s(f) = 330*f - 21492. Calculate s(65).
-42
Let v(u) = -u**2 - 1760*u + 61. Calculate v(0).
61
Let f(x) = x**3 - 27*x**2 - 137*x - 158. Give f(32).
578
Let g(p) = 4*p**3 + 19*p**2 + 721*p + 3608. Determine g(-5).
-22
Let c(m) = -4*m**3 - 33*m**2 - 128*m - 54. Give c(-4).
186
Let b(s) = 9798*s + 235094. Calculate b(-24).
-58
Let t(q) = 8*q**3 - 473*q**2 + 49*q + 322. What is t(59)?
-268
Let k(o) = -144*o**2 - 1660*o - 2006. Give k(-10).
194
Let f(i) = -1943*i + 9759. Calculate f(5).
44
Let o(z) = 16*z**2 + 152*z + 348. Determine o(-6).
12
Let i(f) = -4*f**2 + 925. Give i(-23).
-1191
Let q(h) = -2*h**3 + 65*h**2 - 243*h - 214. Determine q(28).
38
Let c(x) = x**3 + 20*x**2 - 249*x - 5227. Determine c(-23).
-1087
Let v(w) = -2*w**3 + 2279*w**2 + 24149*w + 1082. What is v(1150)?
-68
Let u(p) = 1607*p - 216777. What is u(135)?
168
Let r(w) = 305*w + 5838. Determine r(-18).
348
Let y(d) = -17*d**2 - 1327*d - 6661. Determine y(-5).
-451
Let f(n) = 2*n**3 - 250*n**2 - 18405*n + 109. Give f(-52).
-47
Let x(c) = 59*c**2 + 4427*c - 75. Give x(-75).
-225
Let r(w) = -21*w**2 + 91*w + 1686. Calculate r(11).
146
Let r(m) = -2872*m - 54616. Determine r(-19).
-48
Let h(a) = 10838*a + 130051. Determine h(-12).
-5
Let j(y) = -2095*y - 657498. Give j(-314).
332
Let v(i) = 8*i**2 + 1373*i - 579. Calculate v(-172).
-63
Let a(v) = 1342960*v - 4028893. What is a(3)?
-13
Let n(z) = -z**3 + 2*z**2 + 39*z - 96. What is n(0)?
-96
Let b(z) = -4*z**2 + 217*z - 2047. What is b(42)?
11
Let h(t) = t**2 + 10*t - 3059. Give h(-60).
-59
Let g(x) = 9497*x - 550847. What is g(58)?
-21
Let c(d) = 386*d + 52247. What is c(-135)?
137
Let y(h) = 338*h + 7455. Calculate y(-24).
-657
Let m(c) = -c**2 - 9219*c - 704009. What is m(-77)?
-75
Let o(t) = 2*t**3 + 35*t**2 + 102*t. Determine o(-4).
24
Let z(m) = 8*m**2 - 1041*m - 547. Determine z(131).
370
Let k(g) = g**3 - 1080*g**2 + 184012*g + 3496. Give k(868).
24
Let o(n) = 1208*n + 1934. Give o(-3).
-1690
Let a(s) = -27*s + 607. Calculate a(27).
-122
Let k(s) = -8*s**2 - 2574*s - 4473. Give k(-320).
7
Let t(d) = -1966*d + 10479. What is t(5)?
649
Let c(r) = 9423*r + 1601928. Determine c(-170).
18
Let m(l) = -l**3 + 17*l**2 - 4670*l + 89442. Give m(19).
-10
Let r(t) = 2*t**2 + 1203*t - 8517. Give r(7).
2
Let h(n) = -3*n**2 + 615*n - 7899. Calculate h(13).
-411
Let i(u) = -u**2 - 5713*u - 34186. Give i(-6).
56
Let h(k) = -2599*k - 1530802. Determine h(-589).
9
Let z(f) = -2*f**3 - 2169*f**2 - 5402*f + 8673. Determine z(-1082).
17
Let w(n) = -n**3 + 26*n**2 - 45*n - 1436. Determine w(17).
400
Let z(k) = -1999*k - 2968. Calculate z(-2).
1030
Let v(m) = m**3 + m**2 - 451*m - 10. Determine v(0).
-10
Let l(y) = 4*y**3 - 19*y**2 - 119*y + 99. Give l(-6).
-735
Let f(x) = 5652*x + 27965. Give f(-5).
-295
Let p(z) = -z**2 - 933*z - 52328. Determine p(-60).
52
Let h(w) = -5*w**3 - 1563*w - 4714. Determine h(-3).
110
Let x(s) = 10*s**2 - 94*s - 1415. Calculate x(18).
133
Let x(s) = -4*s**3 - 627*s**2 - 467*s + 97. Calculate x(-156).
-59
Let x(s) = -30826*s - 154550. Give x(-5).
-420
Let m(k) = 7523020*k + 7523011. Calculate m(-1).
-9
Let j(w) = -w**3 - 146*w**2 - 612*w - 178. Determine j(-4).
-2
Let k(s) = -3*s**3 + 172*s**2 + 310*s - 878. Determine k(59).
7
Let u(l) = 739*l + 132240. Calculate u(-179).
-41
Let z(k) = 56952*k + 2448930. Calculate z(-43).
-6
Let b(t) = t**2 - 24*t + 233. Determine b(11).
90
Let d(s) = -1285*s - 96394. Give d(-75).
-19
Let x(y) = 48*y**2 + 11960*y + 2001. Give x(-249).
9
Let g(t) = -1224*t + 12615. Determine g(11).
-849
Let m(n) = -7031*n + 731228. Give m(104).
4
Let o(d) = -d**3 - 43*d**2 - 465*d - 136. Determine o(-18).
134
Let s(n) = 8503*n + 842047. Give s(-99).
250
Let i(s) = -787713*s - 3938437. Give i(-5).
128
Let k(j) = -11629*j - 1732714. Give k(-149).
7
Let i(o) = 12*o**3 + 169*o**2 + 75*o - 88. Give i(-13).
1134
Let m(g) = 64*g**2 - 2447*g - 108. Determine m(36).
-5256
Let i(r) = -328*r**2 - 52*r + 108. What is i(2)?
-1308
Let m(g) = -3*g**3 + 389*g**2 + 2163*g - 434. Give m(135).
-29
Let v(l) = -24*l**3 - 552*l**2 - 17*l - 29. Calculate v(-23).
362
Let i(h) = -21212*h + 806060. What is i(38)?
4
Let o(r) = -2*r**3 + 98*r**2 + 2043*r - 3415. Determine o(-17).
2
Let q(r) = r**3 - 79*r**2 - 5581*r + 99. Give q(124).
-25
Let p(y) = -y**3 + 15*y**2 + 406*y - 6322. Calculate p(18).
14
Let z(p) = -1373*p + 26956. What is z(19)?
869
Let y(l) = 6972*l + 28258. What is y(-4)?
370
Let a(d) = 34638*d - 381068. Calculate a(11).
-50
Let b(j) = 4*j**2 + 2189*j + 13271. Determine b(-6).
281
Let c(y) = -251*y - 13492. What is c(-55)?
313
Let d(p) = -p**2 - 12*p + 705. Calculate d(23).
-100
Let i(h) = -11909*h - 2941525. Calculate i(-247).
-2
Let t(b) = -17255*b - 4003145. Give t(-232).
15
Let c(p) = -p**2 - 1136*p + 32587. Determine c(28).
-5
Let m(w) = w**3 + 139*w**2 + 526*w - 2060. Determine m(-135).
-170
Let z(g) = 184*g + 6837. Calculate z(-37).
29
Let i(w) = 14*w**2 + 103*w - 295. Calculate i(4).
341
Let r(o) = 4354*o + 1536964. What is r(-353)?
2
Let w(n) = 9*n**2 + 3612*n - 2389. Calculate w(-402).
23
Let t(o) = -o**3 + 7*o**2 + 6339*o - 12704. What is t(2)?
-6
Let t(m) = -360*m + 28807. Determine t(80).
7
Let t(c) = -3*c**2 + 225*c - 2348. Determine t(63).
-80
Let z(a) = -a**3 - 41*a**2 - 19*a - 1218. Give z(-42).
1344
Let f(m) = 10570*m + 1849747. Determine f(-175).
-3
Let k(g) = 1563413*g - 14070716. What is k(9)?
1
Let l(q) = -24761*q - 74208. Give l(-3).
75
Let r(l) = 2957*l**2 - 56186*l + 61. Calculate r(19).
4
Let j(y) = -8706*y + 496248. What is j(57)?
6
Let m(y) = -y**3 + 41*y**2 + 417*y - 296. Give m(-9).
1
Let g(n) = 718*n - 2121. Calculate g(3).
33
Let n(x) = -5012*x + 405970. What is n(81)?
-2
Let l(c) = -2683*c + 126071. Give l(47).
-30
Let o(i) = -5398*i + 690909. What is o(128)?
-35
Let o(f) = -f**3 - 69*f**2 + 273*f - 1133. Give o(-73).
254
Let r(q) = -1482*q + 7021. What is r(5)?
-389
Let s(w) = 417*w**2 + 11330*w + 1927. What is s(-27)?
10
Let q(v) = -2*v**2 - 15809*v - 3470684. Calculate q(-226).
-2
Let t(j) = -j**2 + 823*j - 64296. Determine t(87).
-264
Let s(r) = 43456*r - 1520953. Give s(35).
7
Let z(c) = 2*c**2 - 3461*c - 13863. Calculate z(-4).
13
Let v(d) = -3*d**2 - 8*d + 2181. Give v(-28).
53
Let w(m) = 8*m**3 + 156*m**2 + 340*m + 2128. Give w(-18).
-104
Let b(f) = -47784*f - 382228. Determine b(-8).
44
Let f(w) = 2*w**3 + 38*w**2 + 398*w + 6530. Calculate f(-18).
14
Let m(r) = 5*r**2 - 181*r + 942. Determine m(30).
12
Let r(l) = -104529*l + 313482. Calculate r(3).
-105
Let w(z) = -z**3 - 54*z**2 + 348*z + 5332. Determine w(12).
4
Let f(a) = -203*a - 5305. Determine f(-26).
-27
Let a(r) = -168*r + 1542. Give a(9).
30
Let o(s) = 586*s**3 + 20*s**2 - 12*s + 4. Give o(1).
598
Let t(l) = 